What is the highest common factor of 122901 and 1491?
213
Calculate the highest common factor of 5079 and 9957.
3
What is the greatest common factor of 40163760 and 31122?
1638
Calculate the greatest common divisor of 1002105 and 20.
5
What is the highest common divisor of 16528 and 2416187?
1033
Calculate the greatest common divisor of 52292015 and 820.
205
Calculate the greatest common divisor of 3108 and 4186032.
444
What is the highest common divisor of 114 and 311044269?
57
What is the greatest common factor of 174867 and 777?
21
Calculate the highest common divisor of 11636876 and 4.
4
What is the highest common divisor of 8955561 and 3?
3
What is the greatest common factor of 67886121 and 129?
129
What is the greatest common divisor of 61694204 and 1404?
52
Calculate the greatest common divisor of 2321 and 2679067.
211
Calculate the highest common divisor of 13998 and 2442.
6
Calculate the highest common divisor of 10790 and 3830.
10
Calculate the highest common divisor of 23373450 and 36675.
225
What is the greatest common divisor of 75395166 and 2926?
154
Calculate the highest common divisor of 1150 and 15720178.
46
What is the greatest common factor of 245322 and 13327215?
1947
Calculate the highest common factor of 2170 and 2241455.
155
Calculate the greatest common divisor of 30356440 and 30.
10
What is the highest common factor of 236 and 13692720?
236
What is the greatest common factor of 141 and 4431?
3
What is the greatest common factor of 10377926 and 312?
26
What is the highest common factor of 8670 and 20910?
510
Calculate the greatest common divisor of 1118 and 1750874.
86
What is the greatest common factor of 151184 and 2893?
11
What is the greatest common factor of 16701750 and 15750?
2250
Calculate the highest common factor of 518823 and 303246.
153
Calculate the highest common factor of 10818372 and 3933.
1311
What is the highest common factor of 28012596 and 48276?
1788
What is the highest common divisor of 14713960 and 440?
40
What is the highest common factor of 245868469 and 77?
77
What is the greatest common divisor of 33434 and 116561?
229
Calculate the highest common divisor of 14626902 and 276.
6
What is the highest common divisor of 18100 and 543181?
181
What is the greatest common factor of 1040 and 742105?
65
Calculate the greatest common divisor of 3050 and 686555.
305
What is the highest common divisor of 17826 and 9418070?
5942
What is the greatest common factor of 2009800 and 33800?
2600
Calculate the greatest common divisor of 68145981 and 1119.
1119
What is the highest common factor of 14168177 and 801?
89
What is the highest common factor of 52540 and 9851620?
740
Calculate the highest common factor of 36240 and 67920.
240
Calculate the highest common factor of 123 and 20899217.
41
What is the highest common factor of 16717 and 2571717?
73
What is the greatest common divisor of 5144489 and 40460?
2023
What is the greatest common divisor of 10422 and 22794844?
386
What is the greatest common factor of 69657401 and 176?
11
What is the greatest common divisor of 529660 and 21924940?
7460
Calculate the highest common divisor of 366624 and 46341.
171
Calculate the highest common divisor of 3044 and 81728356.
3044
What is the greatest common factor of 672 and 2389236?
12
Calculate the greatest common factor of 235831778 and 26.
26
What is the greatest common factor of 19875 and 258900?
75
Calculate the highest common factor of 616710 and 92049.
183
What is the greatest common factor of 90699295 and 5?
5
What is the highest common factor of 3852214 and 1177?
107
Calculate the highest common divisor of 10341 and 7854947.
383
Calculate the highest common factor of 2592726 and 792.
6
What is the greatest common divisor of 313079 and 6461?
13
Calculate the highest common factor of 53780 and 3140.
20
What is the greatest common factor of 4279158 and 18?
18
What is the highest common factor of 53161402 and 14?
14
What is the greatest common factor of 197617 and 960617?
763
Calculate the greatest common divisor of 324 and 6082992.
108
What is the highest common factor of 36474523 and 57889?
4453
What is the highest common divisor of 1480976 and 48016?
16
What is the greatest common factor of 3069 and 4892327?
341
Calculate the highest common divisor of 163645 and 945530.
115
What is the highest common factor of 2580 and 135134380?
860
What is the highest common factor of 833 and 2273796?
49
What is the greatest common factor of 360 and 2583390?
30
Calculate the highest common factor of 8829 and 1404683.
109
Calculate the greatest common divisor of 31184 and 71864.
8
Calculate the greatest common factor of 2037664 and 750356.
6884
What is the greatest common divisor of 176 and 272079280?
176
Calculate the greatest common factor of 19616 and 45197716.
2452
Calculate the highest common factor of 17029680 and 480.
240
What is the highest common divisor of 2086889 and 29264?
1829
Calculate the greatest common factor of 773290 and 280.
70
Calculate the greatest common factor of 240 and 811560.
120
What is the greatest common factor of 82 and 852432722?
82
What is the greatest common factor of 1194540 and 279543?
129
Calculate the highest common divisor of 33484 and 57893.
11
What is the greatest common factor of 6150 and 20351490?
30
What is the highest common divisor of 10640 and 292313?
7
What is the greatest common divisor of 1670328 and 54168?
888
Calculate the greatest common divisor of 25391177 and 1148.
287
What is the greatest common divisor of 8388 and 7706708?
932
Calculate the highest common divisor of 2497921 and 15481.
137
What is the highest common divisor of 1095 and 39925525?
365
What is the greatest common factor of 69 and 812298?
3
What is the highest common divisor of 11644 and 6784?
4
Calculate the highest common factor of 511659412 and 2552.
1276
Calculate the greatest common factor of 1 and 237053171.
1
Calculate the highest common divisor of 191 and 3059629.
191
Calculate the greatest common factor of 969 and 123878898.
969
Calculate the greatest common divisor of 1404 and 1305892692.
1404
What is the highest common factor of 55718206 and 2694?
898
What is the highest common divisor of 9440903 and 2?
1
What is the greatest common divisor of 17592 and 1259294?
1466
What is the highest common factor of 5270 and 2990140030?
5270
Calculate the greatest common divisor of 76 and 2426129.
19
Calculate the greatest common divisor of 5051 and 270329520.
5051
What is the greatest common divisor of 33495 and 1523445?
1155
What is the highest common factor of 17292 and 119196?
132
Calculate the highest common divisor of 1848 and 1510584.
24
Calculate the highest common divisor of 168 and 717765216.
168
What is the highest common divisor of 664092 and 19404?
396
Calculate the highest common factor of 32 and 9857600.
32
What is the highest common factor of 1794 and 237084?
138
What is the highest common factor of 1701 and 37828?
7
Calculate the highest common divisor of 2086700 and 11095282.
5962
Calculate the highest common factor of 2847429 and 6786.
117
Calculate the greatest common divisor of 6918375 and 1875.
375
What is the greatest common factor of 78324022 and 1722?
574
What is the greatest common factor of 529028355 and 43860?
10965
What is the greatest common factor of 5291 and 422838?
13
What is the greatest common divisor of 169 and 18287?
1
Calculate the highest common divisor of 382 and 6244363.
191
What is the highest common factor of 665734914 and 3618?
1206
What is the greatest common factor of 508759 and 6443?
17
Calculate the greatest common factor of 1647 and 1252341.
27
What is the greatest common divisor of 369503010 and 90?
90
Calculate the greatest common divisor of 875880 and 1728.
216
Calculate the highest common divisor of 7650 and 52165860.
510
What is the highest common divisor of 1222 and 2794338?
94
Calculate the highest common factor of 10430 and 11764270.
70
Calculate the highest common factor of 354862193 and 854.
427
Calculate the greatest common divisor of 214 and 76050.
2
What is the highest common factor of 31057106 and 166?
166
Calculate the greatest common factor of 474298797 and 84.
21
Calculate the highest common factor of 2432188 and 1002.
334
What is the greatest c